, what is 13 + 3a?
4d
In base 11, what is -25a320 + -5?
-25a325
In base 9, what is -876 - -11504?
10517
In base 15, what is -171 + -70e?
-880
In base 12, what is -1 - -1a835?
1a834
In base 2, what is 110011001 + -1111111001000?
-1111000101111
In base 16, what is 3 + 771?
774
In base 14, what is -7344c + 2?
-7344a
In base 7, what is -15 - 251204?
-251222
In base 14, what is c62c7 + 2?
c62c9
In base 2, what is -1000111 - -10010000111000?
10001111110001
In base 8, what is -5643 + 33?
-5610
In base 6, what is -34 + -14134?
-14212
In base 10, what is -76 - 20?
-96
In base 11, what is 926 + 10?
936
In base 15, what is -3 - 99e0?
-99e3
In base 3, what is -102010 + -1012000?
-1121010
In base 3, what is -1100 - 1212220202?
-1212222002
In base 8, what is 0 - -2540142?
2540142
In base 9, what is 12 - 6718?
-6706
In base 2, what is -10111 - -11110110001?
11110011010
In base 2, what is 11011111111100 - 101?
11011111110111
In base 13, what is 3 + 3c37?
3c3a
In base 12, what is -10 - 2401?
-2411
In base 3, what is -1 + 21100010222?
21100010221
In base 13, what is 7b51 - -13?
7b64
In base 2, what is 101011000 + -101111101111?
-101010010111
In base 3, what is -111122 - 102110021?
-102221220
In base 16, what is 34ba7 - -4?
34bab
In base 14, what is -1b8 + -32c?
-506
In base 2, what is 1 - -10011010110110101011?
10011010110110101100
In base 3, what is 111 + -1212102?
-1211221
In base 8, what is -65172 + 14?
-65156
In base 4, what is 2 - -110310333?
110311001
In base 3, what is 222111120 + 12?
222111202
In base 14, what is -101 - bca?
-ccb
In base 12, what is -b875 - -109?
-b768
In base 10, what is 5 - -773066?
773071
In base 9, what is 550060 - 2?
550057
In base 2, what is -10010000111100 - 111?
-10010001000011
In base 2, what is -1000000100111 - -111010?
-111111101101
In base 15, what is -6a07 - 2?
-6a09
In base 15, what is -65 + -5c?
-c2
In base 4, what is -32130 + 20302?
-11222
In base 14, what is -c933 - 3?
-c936
In base 11, what is 18 + 423?
440
In base 3, what is -12100 - -101010201?
100221101
In base 15, what is -10 - -196?
186
In base 9, what is -552 - 2506?
-3158
In base 12, what is 52b0 + -126?
5186
In base 2, what is -1001011010 - -1010100011?
1001001
In base 10, what is 1007 + -36?
971
In base 6, what is 2044 + 142?
2230
In base 8, what is 20722 + -175?
20525
In base 12, what is -a + -3715?
-3723
In base 2, what is 101 + 110100010111?
110100011100
In base 3, what is -222 + 111212022?
111211100
In base 13, what is 26 + -378c?
-3766
In base 16, what is -c47f + 12?
-c46d
In base 4, what is 101000 - -223211?
330211
In base 13, what is cb614 + -4?
cb610
In base 12, what is 74a00b - 3?
74a008
In base 12, what is -393aa5 - -4?
-393aa1
In base 5, what is 114033231 - 1?
114033230
In base 12, what is 54 + -100?
-68
In base 4, what is -320131031 + 2?
-320131023
In base 15, what is -cc135 - -5?
-cc130
In base 13, what is -2 + 2819?
2817
In base 6, what is 2523 - -110?
3033
In base 8, what is 5 - -146017?
146024
In base 14, what is 8 + 56b?
575
In base 9, what is -167615 + -4?
-167620
In base 15, what is 87c + 1e2?
a6e
In base 15, what is -4 + -bc3c?
-bc41
In base 8, what is 27163 - 26?
27135
In base 7, what is -613335 - -3?
-613332
In base 2, what is -101011111 + -1010110101?
-10000010100
In base 11, what is -225 + -418?
-642
In base 9, what is 228 - 166?
52
In base 7, what is 14 - -100206?
100223
In base 6, what is 300030 + -2?
300024
In base 13, what is 4 - 7977?
-7973
In base 14, what is 52 - 6?
4a
In base 10, what is -946 - 22?
-968
In base 14, what is 7ba + a49?
1425
In base 13, what is -2 + -176034?
-176036
In base 5, what is 0 + 1043333?
1043333
In base 9, what is -73 - 240?
-323
In base 13, what is -2 - 19650?
-19652
In base 12, what is -9484 + -1?
-9485
In base 10, what is -34 - 772?
-806
In base 10, what is 1227 + 886?
2113
In base 9, what is -1075 + 108?
-866
In base 9, what is -65 - 6004?
-6070
In base 7, what is 53656 + -3?
53653
In base 10, what is 4291 - 77?
4214
In base 6, what is 23432 - 1043?
22345
In base 3, what is 1 - 210121111?
-210121110
In base 6, what is 1 - 313243?
-313242
In base 10, what is 319 + 4532?
4851
In base 3, what is -2212012011002 - -1?
-2212012011001
In base 5, what is 22 - -110420?
110442
In base 12, what is 72 + 1165?
1217
In base 4, what is 11 + 202100321?
202100332
In base 7, what is -352 - 235553?
-236235
In base 9, what is 173 + 1257?
1441
In base 10, what is 361478 + -3?
361475
In base 12, what is 93 + -453?
-380
In base 10, what is 66 + 3324?
3390
In base 11, what is -275 + 6?
-26a
In base 2, what is 1011111101100011100 + -1000?
1011111101100010100
In base 7, what is 350 + -2024?
-1344
In base 2, what is -11 - 1000000101011110?
-1000000101100001
In base 15, what is 7442 - 6?
743b
In base 14, what is 2d6 - 10?
2c6
In base 8, what is 203166 - 3?
203163
In base 12, what is -1 + 34b257?
34b256
In base 2, what is -11 - -1110001101001?
1110001100110
In base 14, what is -421 + -92?
-4b3
In base 13, what is -b + -c1bc?
-c1ca
In base 8, what is -452 + 3033?
2361
In base 7, what is 20162 + -113?
20046
In base 12, what is -2b1 - -b028?
a937
In base 12, what is 912a + 0?
912a
In base 8, what is -7506 - -230?
-7256
In base 9, what is 1 - -8458?
8460
In base 2, what is -10001111101011 + 1?
-10001111101010
In base 8, what is -1474 + -115?
-1611
In base 13, what is -2 - -81091?
8108c
In base 7, what is -62253 + -1?
-62254
In base 11, what is 11 - 6625a?
-66249
In base 13, what is 5 - -122ab?
122b3
In base 12, what is 5 + -4837?
-4832
In base 2, what is 10001011 + -100111?
1100100
In base 15, what is -1c + -1688?
-16a5
In base 3, what is 22021020020120 - 1?
22021020020112
In base 4, what is 2001320221 + 0?
2001320221
In base 16, what is 7d33b - -9?
7d344
In base 11, what is 0 + -8269?
-8269
In base 8, what is 16 - -76247?
76265
In base 7, what is -6400540 + 0?
-6400540
In base 3, what is -202 + 111120?
110211
In base 12, what is 1367bb - -5?
136804
In base 13, what is 20 - 8329?
-8309
In base 8, what is 5 + 11043?
11050
In base 4, what is 3 + 122323?
122332
In base 8, what is -152370 + 5?
-152363
In base 2, what is 11 + 10111001011010?
10111001011101
In base 2, what is 11000110 + -1010000010111?
-1001101010001
In base 6, what is 30511 - -2341?
33252
In base 14, what is -c6 - 4d?
-135
In base 5, what is -3104220 - 10?
-3104230
In base 4, what is -303002 + 1?
-303001
In base 7, what is -1020 - 214?
-1234
In base 11, what is -5 + 773?
769
In base 2, what is 110001 - 1101000000111101?
-1101000000001100
In base 14, what is -4 - 55a2?
-55a6
In base 15, what is 4 + 2414?
2418
In base 9, what is -267067 + 1?
-267066
In base 7, what is 1622 - 304?
1315
In base 11, what is 10a + -6453?
-6344
In base 13, what is 3603 - -2?
3605
In base 13, what is -43b - 5b?
-499
In base 12, what is 1 - a100?
-a0bb
In base 7, what is 235 + -410?
-142
In base 5, what is 212103 + -213?
211340
In base 11, what is -155 + -128?
-282
In base 9, what is -220 + 115?
-104
In base 8, what is 2103621 + 3?
2103624
In base 5, what is 0 + 203110?
203110
In base 12, what is -3 + 921a?
9217
In base 15, what is 2 + -b55?
-b53
In base 5, what is -2243 - -2343?
100
In base 5, what is 3 - 102304?
-102301
In base 10, what is 65815 - -6?
65821
In base 8, what is -2 - 47371?
-47373
In base 12, what is -31b - 19?
-338
In base 3, what is 1220100 - -20111?
2010211
In base 13, what is -31c0 + 0?
-31c0
In base 9, what is 373 + -36?
336
In base 12, what is 9 + 259?
266
In base 15, what is 0 + 2006?
2006
In base 6, what is 55 - 1053?
-554
In base 16, what is 9e826 - -2?
9e828
In base 10, what is 238314 + -1?
238313
In base 13, what is -3 - c3105?
-c3108
In base 13, what is -9 - 4033?
-403c
In base 9, what is 105 + 36283?
36388
In base 12, what is -2673 - -5?
-266a
In base 8, what is -4 - 154513?
-154517
In base 6, what is 15000 + -131?
14425
In base 2, what is -10110100001101110100 - 10?
-10110100001101110110
In base 11, what is a129 - -1?
a12a
In base 7, what is 12066 + 553?
12652
In base 10, what is 4 + 4012?
4016
In base 11, what is 267069 + 3?
267071
In base 13, what is -42297 + -1?
-42298
In base 11, what is 1 - 74113?
-74112
In base 12, what is 77 + -2014?
-1b59
In base 7, what is 2346 + 355?
3034
In base 6, what is 320 + -1003?
-243
In base 14, what is -5ab + 73?
-538
In base 1